ded by 10?
2
Suppose 2*f + 4*j + 8 = -0*j, 8 = -3*f - 5*j. Let c(n) = 10 - 32*n + 9*n**2 - 30*n - f*n**2 + 73*n. Calculate the remainder when c(-4) is divided by 16.
14
Let j = -16 - -10. Let w(m) = 5*m**3 + 47*m**2 + 17*m + 12. Let q be w(-9). Calculate the remainder when (3*q/27)/((-2)/j) is divided by 3.
1
Suppose 7 = p, -5*h + 5*p - 10*p = -375. Calculate the remainder when 150 is divided by h.
14
Let r = -19 + 23. Suppose -r*c = -8*c + 20. What is the remainder when c is divided by -3 + 7 + -8 + 7?
2
Let g = -42 - -83. Suppose 4*o - 2470 = -1982. What is the remainder when o is divided by g?
40
Suppose 2*l - 184 = 2*c, 74 = -4*c + 66. What is the remainder when 439 is divided by l?
79
Let l be (4 + -4)*(-6)/(-24). Suppose -5*p - 3*z + 121 = l, 5*p - 105 = 4*z + z. What is the remainder when 53 is divided by p?
7
Let j(w) be the second derivative of 1/20*w**5 + 33*w + 0 - 23/12*w**4 + 27/2*w**2 - 23/6*w**3. Calculate the remainder when j(24) is divided by 18.
15
Let g = 273 + -126. Let a = -61 + g. What is the remainder when 125 is divided by a*4/16*-1*-2?
39
Suppose 4*r - 6*r = 4*w - 2460, 3*w - 1896 = 7*r. Calculate the remainder when w is divided by 199.
21
Let b(u) = 11*u - 2*u + 71*u - 200 - 126 + 25*u. Suppose 4*v - n - 73 = 0, 2*v - 5*v - 2*n = -63. Calculate the remainder when b(4) is divided by v.
18
Let g be -4 - ((-3 - 0) + 6 + -9). Let t be -2 + 762/g + -5. Suppose h = -5*x + 457, -4*x - 2*h + t = -4*h. What is the remainder when x is divided by 47?
45
Suppose w - 744 = 3*y, -4*w + 2350 = -2*y - 666. Suppose 1224 + w = 12*c. Let d(s) = 9*s - 17. What is the remainder when c is divided by d(5)?
25
Let k be (-5 - (-10)/5)*(-3)/3. Suppose 11 = k*w - 5*j - 84, 0 = 5*w - 2*j - 190. Calculate the remainder when w is divided by 12.
4
Let w = -66 + 71. Suppose 55 + 45 = -w*r. What is the remainder when 16 is divided by (-105)/r - (-6)/8?
4
Let y be ((-126)/(-5))/9 + 1/5. Suppose -99 = -t + y*l, -2*t + l + l + 182 = 0. What is the remainder when t is divided by 22?
21
Let i(y) = -y - 2. Let m be i(-4). Let o = 25 - m. Calculate the remainder when -3 - (-70)/(-5) - -103 is divided by o.
17
Suppose 5*t - 37 = 203. Let d = -46 + t. Suppose 4*o + 2 = 3*c - 3, 0 = -2*c + 3*o + d. Calculate the remainder when 25 is divided by c.
4
Let b(k) = k**2 + 4*k + 20. What is the remainder when 420 is divided by b(-5)?
20
What is the remainder when (45/(-5) + 4)*-5 is divided by 4/((1/5)/(39/130))?
1
Let u = 117 + 25. Suppose -3*o - 13 + 4 = -2*f, 0 = -4*o - 20. Let p(s) = -3*s**3 - s**2 + 6*s - 6. What is the remainder when u is divided by p(f)?
46
Suppose 11*i - 6*i = 80. Calculate the remainder when (3 - -5) + 102/(-2)*665/(-399) is divided by i.
13
Let z = -9920 - -12991. What is the remainder when z is divided by 64?
63
Let c be 4/(-2) + -24 - (-37 - -38). What is the remainder when 2*(399/2)/3 is divided by ((-4)/2)/2*c?
25
Suppose 4*h - 121 = 5*j, -2*j = h - 19 + 18. Let o = -4 + 1. What is the remainder when h is divided by 8/(-24) - 28/o?
1
Let s = -19725 - -28556. Calculate the remainder when s is divided by 184.
183
Let i be (-4)/5*24/(-16)*5. Suppose -3*g = 2*f - 36, -4*f - 4*g + i = -66. Suppose 257 = 5*w - 0*m + m, -9 = 3*m. What is the remainder when w is divided by f?
16
Let u = 93 - -171. Let w(p) = -3*p**3 - 13*p**2 - 19*p - 22. Calculate the remainder when u is divided by w(-4).
36
Let a be (-418)/10 - 1 - (-1)/(-5). Let v = 111 + a. What is the remainder when v is divided by 20?
8
Suppose -15*y + 23866 = -16139. Calculate the remainder when y is divided by 92.
91
Suppose -21*p + 5*p + 3708 = -5076. What is the remainder when p is divided by 181?
6
Suppose p = -4*m - 571, 2*p - 10 = m + 135. Let h = m + 178. What is the remainder when h is divided by 18?
17
Let t = -30566 - -30875. What is the remainder when t is divided by 210?
99
Calculate the remainder when 18 + (-5825)/325 + 25634/26 is divided by 90.
86
Suppose -16795 = -5*h - 180*k + 181*k, -3333 = -h - 5*k. What is the remainder when h is divided by 120?
118
Let y = 2692 + -2677. What is the remainder when 66 is divided by y?
6
What is the remainder when (-12)/(-28) - 58790/(-7) is divided by 25?
24
Suppose -10*x + 12 = -7*x. Suppose -3*m + 6*j = 2*j - 150, 0 = -2*m - x*j + 120. What is the remainder when m is divided by 0 + 76/(5 + -1)?
16
Suppose 0*j - 5*j = 25. Suppose -5*a = -3*o - 380, -7*o - 104 = -a - 12*o. What is the remainder when a is divided by (-94)/(-6) - j/15?
15
Let o = -28317 + 28352. What is the remainder when 8713 is divided by o?
33
Let t(o) = -o**3 - 3*o**2 + 29*o + 78. What is the remainder when t(-7) is divided by 24?
23
Let l(j) = j**3 - 6*j**2 - 2*j - 35. Let b be l(7). Suppose b = -5*z - 5*a - 10 + 150, 4*z - 5*a = 112. What is the remainder when 106 is divided by z?
22
Suppose -26*u + 141*u - 27870 - 18475 = 0. What is the remainder when u is divided by 125?
28
Let p(d) = -2*d**3 - 5*d**2 + 4*d - 65. Calculate the remainder when p(-7) is divided by 69.
3
What is the remainder when (-3)/36 - ((-3955)/84 + -3) is divided by 43?
7
Suppose 0 = -17*o + 15*o + 110. Calculate the remainder when o/(-11) + 26*4 is divided by 17.
14
Let f(n) = -8*n**3 + 11*n**2 + 8*n - 1. Let q be f(5). Let w = -464 - q. Calculate the remainder when w is divided by 5.
2
Suppose 2*v - y - 8254 = 0, -15*v = -16*v + 5*y + 4145. Calculate the remainder when v is divided by 4.
1
Suppose 4*p = 159 + 493. Suppose -2*c + 104 = 4*u, 116*u - c = 114*u + 44. Calculate the remainder when p is divided by u.
19
Let u be (3 - 10/4)*32. Let w = u - 8. What is the remainder when 6/(-15) - (-394)/10 is divided by w?
7
Let u be 4/(-1) + 4 + -40. Let s = -23 - u. Suppose 0 = -5*r + 12 + 13. What is the remainder when s is divided by r?
2
Let h(x) = 6*x**3 - 8*x**2 + 2*x + 2. Let p = 46 - 44. What is the remainder when h(p) is divided by 3?
1
What is the remainder when (-1)/(6 + -5)*(-2 + -303 + -2) is divided by 32?
19
Let g be ((-5)/35)/(-1) + (-2)/14. Suppose g = 3*w, -5*w - 191 = -3*p + 2*p. Calculate the remainder when p is divided by 8.
7
Let f(v) = 165*v**2 + 38*v - 34. What is the remainder when 335 is divided by f(1)?
166
Let b(c) = -14*c**2 - 5*c + 1. Let s be b(-3). Let i = -96 - s. What is the remainder when 79 is divided by i?
9
What is the remainder when 801 is divided by -1 + 7 + (-35)/((-165)/20 + 8)?
71
Suppose 25*s - 704 = 46. What is the remainder when 1348 is divided by s?
28
Let d = 4 + 0. Let v(i) = 101*i + 16. What is the remainder when v(0) is divided by d?
0
Let n(f) = -9*f - 64. Let i(d) = 48*d + 321. Let p(u) = 4*i(u) + 22*n(u). Let j(l) = 4*l**2 + 4*l + 2. What is the remainder when p(-25) is divided by j(-2)?
6
Let h(q) = 2*q**2 + 12*q - 30. Let x be h(-8). Suppose 163 = x*b + 105. Calculate the remainder when 346 is divided by b.
27
Suppose 160 = 6*z - 7*z. Let j = z + 278. Calculate the remainder when j is divided by 11.
8
Suppose 5*q - 70 = -0*s + 5*s, -41 = -4*q - s. Let m = -22 + 12. Calculate the remainder when -1 - (-5)/(m/(-64)) is divided by q.
9
Let z = 19242 - 17983. What is the remainder when z is divided by 180?
179
Calculate the remainder when 24312/54 - (-26)/(-117) is divided by 24.
18
Let m(q) = 116*q + 28. Let u be m(40). Suppose 1536 = -27*d + u. Calculate the remainder when 345 is divided by d.
113
Let u be (0 + 1)*-1 + -11 + 21. Suppose -5*x + u = -4*x + 3*n, 0 = x - 5*n - 9. Calculate the remainder when 50 is divided by x.
5
Let k(v) = v**2 + 15*v + 12. Let c be k(-16). Suppose -4*h = -4*o - 8*h + c, 3*h + 9 = 3*o. Calculate the remainder when 81 is divided by o.
1
Suppose 3*h - 3*n = -n + 430, 5*h - n - 698 = 0. Suppose 12 = d - 16. What is the remainder when h is divided by d?
26
Let i(j) = 191*j + 734. What is the remainder when i(-2) is divided by 231?
121
Suppose 0 = 5*a + o - 633, -172*a + o = -173*a + 121. What is the remainder when 1414 is divided by a?
6
Let q(s) = -105*s + 3235. What is the remainder when 24393 is divided by q(30)?
83
Suppose -4*x + 3*x - 12 = 0. Suppose 4*v = 4*z - 9*z + 147, 5*v + 5*z = 190. What is the remainder when (x/54 - (-34)/(-9)) + v is divided by 11?
6
Suppose 2*y + 520 = 7*y - 5*l, 513 = 5*y + 2*l. Let h = y - 17. What is the remainder when h is divided by 19?
10
Let y(n) = n**2 - 16*n - 109. Suppose -5*